7) in base 2?
11101110
-424 (base 6) to base 14
-b6
What is 171e (base 16) in base 10?
5918
Convert 10021022 (base 3) to base 13.
1115
What is 14 (base 15) in base 6?
31
Convert -25155 (base 9) to base 5.
-1020043
Convert 60 (base 12) to base 15.
4c
Convert -8359 (base 14) to base 4.
-11201123
Convert -1021110 (base 3) to base 15.
-420
What is 733a (base 12) in base 11?
94a1
2644 (base 9) to base 13
b98
Convert b (base 12) to base 11.
10
What is 251661 (base 7) in base 11?
31870
What is 10320 (base 5) in base 2?
1011000110
-12230 (base 5) to base 16
-3ac
Convert 10022202201 (base 3) to base 16.
ffa0
What is -11110022 (base 3) in base 15?
-e68
What is -1134 (base 8) in base 10?
-604
1200000 (base 3) to base 15
560
-73a (base 14) to base 13
-857
Convert 3812 (base 11) to base 3.
20211020
Convert -1515 (base 9) to base 10.
-1148
Convert -7a3 (base 12) to base 10.
-1131
1a4 (base 16) to base 13
264
What is -3425 (base 9) in base 5?
-40114
Convert 415 (base 11) to base 14.
27a
What is -202011222 (base 3) in base 9?
-22158
-1d8 (base 14) to base 15
-1ab
Convert -10391 (base 13) to base 7.
-151043
What is -151bb (base 12) in base 16?
-73df
-175 (base 12) to base 11
-1a2
-170 (base 10) to base 8
-252
-1000111010 (base 2) to base 6
-2350
What is 10451 (base 8) in base 2?
1000100101001
Convert -2021 (base 6) to base 13.
-283
-a267 (base 11) to base 8
-32471
4486 (base 9) to base 4
303312
-2a9 (base 15) to base 8
-1141
12516 (base 9) to base 16
20f7
1110001100 (base 2) to base 12
638
2604 (base 14) to base 4
1220030
3603 (base 7) to base 12
926
What is 110120 (base 3) in base 10?
339
What is -133013 (base 4) in base 10?
-1991
What is 21c (base 16) in base 8?
1034
Convert 4650 (base 8) to base 16.
9a8
Convert 400a (base 15) to base 13.
61c3
Convert 3210 (base 5) to base 2.
110101110
What is 3003411 (base 5) in base 3?
2101221221
Convert -1110110110 (base 2) to base 5.
-12300
101100111101110 (base 2) to base 9
34520
Convert 969 (base 16) to base 6.
15053
-3a23 (base 11) to base 4
-1101230
-313 (base 7) to base 14
-b3
212011 (base 3) to base 12
441
Convert 11002200 (base 3) to base 7.
11466
6119 (base 10) to base 16
17e7
Convert 10548 (base 10) to base 11.
7a1a
2799 (base 15) to base 14
312d
Convert -2112 (base 14) to base 10.
-5700
What is -4003 (base 7) in base 6?
-10211
Convert 605 (base 13) to base 14.
52b
Convert 1566 (base 10) to base 7.
4365
65 (base 7) to base 12
3b
What is 20302 (base 5) in base 14?
6ab
Convert -5210 (base 6) to base 9.
-1526
-1330011 (base 4) to base 13
-37cb
Convert 32205 (base 6) to base 16.
112d
What is -14103 (base 5) in base 8?
-2201
Convert 8082 (base 14) to base 11.
15640
436 (base 9) to base 12
259
What is -3012 (base 12) in base 15?
-1818
What is 133 (base 13) in base 15?
e1
Convert -4706 (base 14) to base 2.
-11000001000010
Convert 10788 (base 9) to base 7.
30005
Convert 36360 (base 11) to base 10.
52338
Convert -404 (base 12) to base 15.
-28a
32a (base 13) to base 16
21f
What is 309 (base 15) in base 13?
408
What is 10221 (base 5) in base 6?
3102
What is 970 (base 13) in base 8?
3114
What is 724b (base 12) in base 10?
12443
What is -4545 (base 9) in base 11?
-2587
Convert -77543 (base 9) to base 12.
-25956
What is 6603 (base 7) in base 9?
3206
Convert 104132 (base 5) to base 11.
2834
What is 3cd6 (base 14) in base 6?
121512
What is -260 (base 13) in base 16?
-1a0
What is 7055 (base 8) in base 13?
1862
What is -1745 (base 10) in base 5?
-23440
Convert -360 (base 10) to base 4.
-11220
What is 411 (base 15) in base 11?
763
Convert 2689 (base 14) to base 16.
1a81
Convert 4412 (base 5) to base 2.
1001011111
What is 1040a (base 11) in base 16?
3b1f
3132 (base 5) to base 8
641
Convert -1576 (base 12) to base 3.
-10111000
Convert 33313 (base 6) to base 16.
122d
Convert 357 (base 12) to base 6.
2151
What is 17403 (base 9) in base 10?
11991
Convert -10a4 (base 13) to base 10.
-2331
-440 (base 11) to base 8
-1020
What is 2212 (base 4) in base 2?
10100110
406 (base 13) to base 16
2aa
What is 1210232 (base 5) in base 11?
15a56
235 (base 7) to base 9
147
What is 119 (base 14) in base 13?
13b
-36 (base 9) to base 12
-29
Convert 473 (base 12) to base 8.
1227
What is -121131 (base 5) in base 6?
-33005
-2132232 (base 4) to base 15
-3023
Convert 3690 (base 12) to base 3.
22110000
Convert 13110330 (base 4) to base 7.
153333
-297 (base 12) to base 5
-3103
Convert 111011101100010 (base 2) to base 15.
90c7
What is -219 (base 10) in base 11?
-18a
Convert -528 (base 10) to base 6.
-2240
What is -1604 (base 10) in base 9?
-2172
304 (base 9) to base 3
100011
1290 (base 11) to base 3
2021221
603 (base 8) to base 10
387
What is 214 (base 16) in base 13?
31c
Convert 518 (base 9) to base 3.
120122
-505 (base 16) to base 7
-3514
22003 (base 4) to base 8
1203
Convert 32110331 (base 4) to base 16.
e53d
What is 1101111110100 (base 2) in base 8?
15764
What is 3c9 (base 13) in base 4?
22200
23355 (base 7) to base 3
22020220
What is 12452 (base 12) in base 11?
17723
Convert 120012 (base 3) to base 15.
1c5
What is -13323 (base 6) in base 2?
-100000010011
What is 232050 (base 7) in base 5?
2312123
What is 100213 (base 5) in base 6?
22423
What is 109e (base 16) in base 5?
114004
Convert -472 (base 9) to base 11.
-324
-2711 (base 11) to base 10
-3521
What is 1011011010000100 (base 2) in base 14?
13056
-1f9 (base 16) to base 6
-2201
Convert 11110101110001 (base 2) to base 12.
9129
-2356 (base 7) to base 3
-1012101
What is -6423 (base 10) in base 7?
-24504
10110212 (base 4) to base 15
53a2
Convert 1111001 (base 2) to base 11.
100
Convert 24240 (base 7) to base 9.
8570
-2949 (base 15) to base 16
-228c
Convert 4b (base 12) to base 2.
111011
What is 2001000 (base 3) in base 5?
21420
-58 (base 12) to base 11
-62
-24434 (base 5) to base 10
-1869
Convert 492 (base 11) to base 6.
2413
14665 (base 9) to base 2
10011100100110
Convert 1026 (base 7) to base 6.
1403
-4312310 (base 5) to base 9
-120812
-112 (base 3) to base 8
-16
Convert -100101000111010 (base 2) to base 12.
-abb6
Convert 22003 (base 7) to base 11.
4142
What is 2320322 (base 4) in base 5?
334314
What is -3238 (base 10) in base 9?
-4387
Convert 6135 (base 11) to base 16.
1fd1
Convert -12042 (base 5) to base 7.
-2421
Convert 203230 (base 4) to base 5.
33114
1121142 (base 5) to base 8
47314
Convert -10a63 (base 13) to base 14.
-b0a8
-4558 (base 10) to base 4
-1013032
-65 (base 13) to base 12
-6b
Convert -20541 (base 7) to base 12.
-2b30
What is -22212111 (base 4) in base 11?
-2a687
Convert -565 (base 11) to base 4.
-22210
Convert 4703 (base 13) to base 5.
304344
Convert -10122 (base 4) to base 14.
-162
2204442 (base 5) to base 15
b467
2423141 (base 5) to base 2
1011000101101101
Convert 32320310 (base 4) to base 8.
167064
Convert 20081 (base 9) to base 6.
141031
54d (base 14) to base 9
1385
What is -3a31 (base 14) in base 5?
-311420
What is -20222 (base 4) in base 8?
-1052
Convert -341410 (base 5) to base 16.
-2f49
Convert -2114 (base 7) to base 16.
-2ea
What is 43113 (base 7) in base 8?
24704
What is 3602 (base 7) in base 10?
1325
Convert 111016 (base 7) to base 15.
5be4
3101 (base 7) to base 6
4555
What is -1b9 (base 15) in base 8?
-617
248 (base 15) to base 11
431
-1c00 (base 14) to base 5
-130341
Convert -32311 (base 4) to base 16.
-3b5
Convert 4080 (base 11) to base 6.
41020
Convert 1041 (base 11) to base 14.
704
What is 32224 (base 10) in base 5?
2012344
-235 (base 7) to base 16
-7c
-41002 (base 5) to base 9
-3538
Convert db5 (base 15) to base 8.
6027
Convert -1220203 (base 4) to base 2.
-1101000100011
-30355 (base 8) to base 12
-72b9
Convert -3aa9 (base 12) to base 16.
-1a61
Convert 130444 (base 5) to base 12.
2b70
What is 1101100111 (base 2) in base 9?
1167
3131 (base 5) to base 6
1532
Convert -2099 (base 15) to base 8.
-15356
What is 875 (base 14) in base 8?
3207
Convert 42013 (base 5) to base 7.
11020
Convert 3212 (base 5) to base 6.
2000
What is -2200412 (base 5) in base 9?
-56525
Convert -1844 (base 12) to base 4.
-231310
39 (base 15) to base 14
3c
Convert -3477 (base 11) to base 13.
-20cb
Convert -30423 (base 8) to base 6.
-134055
-111110110110 (base 2) to base 14
-1674
What is 25a (base 16) in base 4?
21122
-1021100210 (base 3) to base 9
-37323
Convert -2220 (base 5) to base 7.
-622
What is -3b